ded by 221714?
4
Calculate the remainder when 919112 is divided by 459540.
32
What is the remainder when 56525 is divided by 8032?
301
What is the remainder when 245579 is divided by 1268?
855
What is the remainder when 302438 is divided by 177?
122
Calculate the remainder when 22926835 is divided by 8482.
8471
What is the remainder when 2443560 is divided by 405?
195
What is the remainder when 514032 is divided by 4804?
4
Calculate the remainder when 47247 is divided by 1869.
522
What is the remainder when 1499812 is divided by 499935?
7
What is the remainder when 1417659 is divided by 236260?
99
What is the remainder when 3039624 is divided by 101320?
24
Calculate the remainder when 27788699 is divided by 99601.
20
Calculate the remainder when 2034286 is divided by 1533.
1528
Calculate the remainder when 244050239 is divided by 560.
559
Calculate the remainder when 235599 is divided by 4460.
3679
What is the remainder when 17046746 is divided by 255?
251
What is the remainder when 14856193 is divided by 21?
16
What is the remainder when 9119588 is divided by 2084?
4
What is the remainder when 68641151 is divided by 17160286?
7
Calculate the remainder when 5618796 is divided by 432205.
131
Calculate the remainder when 197166 is divided by 6797.
53
What is the remainder when 1201098 is divided by 4058?
3988
What is the remainder when 57409 is divided by 3086?
1861
Calculate the remainder when 406933 is divided by 254.
25
Calculate the remainder when 76688 is divided by 1416.
224
Calculate the remainder when 2977197 is divided by 93.
81
What is the remainder when 690380 is divided by 175?
5
What is the remainder when 1253119 is divided by 9564?
235
What is the remainder when 267381 is divided by 225?
81
What is the remainder when 108977 is divided by 108377?
600
Calculate the remainder when 5310925 is divided by 20193.
166
Calculate the remainder when 518609 is divided by 129645.
29
Calculate the remainder when 59494 is divided by 79.
7
What is the remainder when 318465 is divided by 990?
675
Calculate the remainder when 4129172 is divided by 985.
52
Calculate the remainder when 25922751 is divided by 117.
114
Calculate the remainder when 348426 is divided by 1138.
198
Calculate the remainder when 637095 is divided by 1895.
375
Calculate the remainder when 1500965 is divided by 10798.
43
What is the remainder when 15196999 is divided by 3250?
3249
What is the remainder when 6557438 is divided by 86?
24
Calculate the remainder when 97326 is divided by 851.
312
Calculate the remainder when 1100986 is divided by 42.
40
What is the remainder when 322966769 is divided by 14?
13
Calculate the remainder when 880084 is divided by 146517.
982
What is the remainder when 54188273 is divided by 4?
1
What is the remainder when 2909444 is divided by 176?
164
What is the remainder when 364204 is divided by 4855?
79
What is the remainder when 245293 is divided by 9508?
7593
What is the remainder when 161896 is divided by 3879?
2857
Calculate the remainder when 107729511 is divided by 9793590.
21
What is the remainder when 411348 is divided by 47?
4
What is the remainder when 35342620 is divided by 1860135?
55
What is the remainder when 4559250 is divided by 11?
3
What is the remainder when 228444068 is divided by 21?
20
Calculate the remainder when 71605 is divided by 566.
289
Calculate the remainder when 12883 is divided by 481.
377
Calculate the remainder when 471011 is divided by 17.
9
Calculate the remainder when 265698 is divided by 5210.
5198
Calculate the remainder when 1551974 is divided by 1048.
934
What is the remainder when 30910 is divided by 1696?
382
What is the remainder when 4746608 is divided by 41?
38
Calculate the remainder when 22788 is divided by 61.
35
What is the remainder when 19885186 is divided by 9942474?
238
What is the remainder when 101009 is divided by 1794?
545
What is the remainder when 838078 is divided by 484?
274
What is the remainder when 2024765 is divided by 189?
8
What is the remainder when 14115341 is divided by 882207?
29
Calculate the remainder when 135632 is divided by 1189.
86
What is the remainder when 12242487 is divided by 10002?
39
What is the remainder when 52197 is divided by 17025?
1122
Calculate the remainder when 2701064 is divided by 61.
45
What is the remainder when 26636 is divided by 11930?
2776
What is the remainder when 5884209 is divided by 505?
454
What is the remainder when 124706972 is divided by 14?
12
Calculate the remainder when 3148884 is divided by 46.
0
What is the remainder when 820890 is divided by 530?
450
What is the remainder when 1520357 is divided by 14?
13
What is the remainder when 25335062 is divided by 41?
14
Calculate the remainder when 162391599 is divided by 80.
79
What is the remainder when 2741315 is divided by 1173?
14
What is the remainder when 28102 is divided by 9965?
8172
Calculate the remainder when 377927 is divided by 13029.
86
What is the remainder when 1240685 is divided by 620116?
453
What is the remainder when 890341 is divided by 3664?
3653
What is the remainder when 443284 is divided by 32?
20
What is the remainder when 2714154 is divided by 4039?
3985
What is the remainder when 455614 is divided by 4692?
490
What is the remainder when 2835249 is divided by 126?
123
What is the remainder when 1470801 is divided by 9871?
22
What is the remainder when 79770090 is divided by 79?
77
What is the remainder when 225276 is divided by 4083?
711
What is the remainder when 3842541 is divided by 20?
1
Calculate the remainder when 675867 is divided by 42220.
347
Calculate the remainder when 709205046 is divided by 30.
6
Calculate the remainder when 2756942 is divided by 116.
86
What is the remainder when 152814 is divided by 3830?
3444
What is the remainder when 885259 is divided by 885189?
70
What is the remainder when 14092297 is divided by 512?
9
Calculate the remainder when 54179482 is divided by 441.
427
What is the remainder when 1188250 is divided by 4155?
4075
Calculate the remainder when 203332 is divided by 55.
52
Calculate the remainder when 6127511 is divided by 37824.
23
What is the remainder when 664696 is divided by 321?
226
What is the remainder when 38726 is divided by 1205?
166
What is the remainder when 2025180 is divided by 65328?
12
Calculate the remainder when 118682981 is divided by 297.
296
Calculate the remainder when 217433 is divided by 49.
20
Calculate the remainder when 9864989 is divided by 45.
44
What is the remainder when 591292 is divided by 81?
73
Calculate the remainder when 211171 is divided by 1705.
1456
What is the remainder when 627051 is divided by 3608?
2867
Calculate the remainder when 539538 is divided by 179830.
48
What is the remainder when 2589514 is divided by 3694?
20
What is the remainder when 56014 is divided by 18006?
1996
What is the remainder when 4249182 is divided by 86?
8
What is the remainder when 15583 is divided by 235?
73
Calculate the remainder when 1255398 is divided by 1156.
1138
Calculate the remainder when 1699733 is divided by 41.
37
Calculate the remainder when 1308451 is divided by 327083.
119
Calculate the remainder when 2787911 is divided by 1393955.
1
What is the remainder when 636629 is divided by 9777?
1124
What is the remainder when 213895 is divided by 723?
610
What is the remainder when 120308583 is divided by 23?
22
What is the remainder when 34567 is divided by 10058?
4393
What is the remainder when 6675987 is divided by 20?
7
What is the remainder when 5522437 is divided by 10?
7
What is the remainder when 307168 is divided by 5481?
232
Calculate the remainder when 637422 is divided by 10.
2
Calculate the remainder when 106782446 is divided by 28.
22
What is the remainder when 64740 is divided by 32349?
42
Calculate the remainder when 26059743 is divided by 2171641.
51
What is the remainder when 2962132 is divided by 555?
97
Calculate the remainder when 3112203 is divided by 9235.
8
What is the remainder when 1651746 is divided by 235950?
96
Calculate the remainder when 79302 is divided by 26317.
351
Calculate the remainder when 44739876 is divided by 59.
58
What is the remainder when 26666410 is divided by 4153?
4150
What is the remainder when 4911141 is divided by 138?
135
What is the remai